- 179582. Give z(876).
-2
Let g(z) = z**3 + 190*z**2 + 1281*z - 6. What is g(-7)?
-6
Let j(x) = 829*x + 784236. Calculate j(-946).
2
Let i(c) = -253*c**2 - 2415*c + 120. Give i(-10).
-1030
Let v(u) = 3462*u + 40569. Determine v(-12).
-975
Let r(y) = 3*y**3 - 44*y**2 + 28*y - 586. Give r(15).
59
Let q(m) = -57016*m + 2622744. Give q(46).
8
Let f(g) = 9*g**2 - 300*g + 2033. Determine f(24).
17
Let k(m) = -19*m**2 - 20879*m - 62636. Calculate k(-3).
-170
Let c(r) = r**3 + 7364*r**2 - 266396*r - 135. Give c(36).
9
Let h(l) = -l**3 + 24*l**2 - 22652*l + 543611. Calculate h(24).
-37
Let y(j) = -571*j - 73653. Determine y(-129).
6
Let m(t) = -25*t**3 - 3*t**2 - 3*t + 15. Determine m(2).
-203
Let n(y) = 766*y**3 - 11488*y**2 - 20*y + 122. Give n(15).
272
Let b(u) = -u**2 - u - 624. What is b(18)?
-966
Let r(u) = 336*u**2 - 155*u + 29. Determine r(2).
1063
Let t(i) = 4735*i - 203565. Give t(43).
40
Let x(d) = 4*d**2 + 8263*d + 4245942. Determine x(-1106).
8
Let j(w) = w**2 - 307*w + 22675. Determine j(160).
-845
Let t(f) = 16*f**2 + 205*f - 475. Determine t(-14).
-209
Let y(c) = -3*c**3 + 391*c**2 + 1063*c + 136. Give y(133).
3
Let w(b) = b**2 - 264405*b - 793214. Determine w(-3).
10
Let v(n) = -10*n**2 - 335*n - 21. Determine v(-32).
459
Let w(u) = -15041*u + 120350. Give w(8).
22
Let q(n) = -2091*n - 290618. Give q(-139).
31
Let z(s) = s**3 + 151*s**2 - 463*s - 541. Calculate z(-154).
-387
Let m(w) = -w**3 - w**2 + 24*w + 59. Determine m(-6).
95
Let k(c) = -778*c**2 + 5398*c - 23. Determine k(7).
-359
Let p(y) = 3432*y + 54986. Give p(-16).
74
Let r(a) = -9*a**2 + 3612*a + 6086. What is r(403)?
41
Let o(l) = -9*l**2 + 742*l - 5194. Give o(7).
-441
Let x(q) = 4*q**2 - 4172*q - 98239. Calculate x(-23).
-167
Let h(f) = -f**3 + 65*f**2 + 56300*f - 3554845. Determine h(63).
-7
Let a(c) = -19472*c + 156377. Give a(8).
601
Let b(u) = u**2 + 172*u - 37548. Give b(126).
0
Let q(t) = -2702*t - 12468. Calculate q(-5).
1042
Let h(w) = 1531*w + 90228. Calculate h(-59).
-101
Let v(i) = -35*i + 2315. Calculate v(57).
320
Let g(n) = -2637*n + 44777. Determine g(17).
-52
Let v(k) = 932*k**2 + 5479*k - 678. Give v(-6).
0
Let p(f) = -f**2 + 9712*f - 300117. Give p(31).
-6
Let x(c) = -8392*c + 931550. Calculate x(111).
38
Let d(r) = -3595*r - 75446. Determine d(-21).
49
Let r(n) = -149*n - 1614. Give r(-16).
770
Let h(c) = -2*c**3 - 354*c**2 + 341*c - 628. Determine h(-178).
2042
Let c(a) = 11*a**2 + 375*a + 772. What is c(-12)?
-2144
Let i(d) = -351*d - 38611. What is i(-110)?
-1
Let g(h) = -11*h**2 - 4783*h + 10. Calculate g(0).
10
Let f(w) = -w**3 + w**2 + 19510*w + 116806. Determine f(-6).
-2
Let a(l) = -l**3 + 27*l**2 + 381*l - 7984. Give a(31).
-17
Let z(d) = -20391*d + 203913. Calculate z(10).
3
Let y(a) = -2*a**3 + 169*a**2 - 85*a + 981. Give y(84).
897
Let q(r) = -3*r**3 - 20*r**2 - 38*r - 281. What is q(-7)?
34
Let n(z) = 4765*z + 87640. What is n(-18)?
1870
Let q(a) = -2*a**3 - 149*a**2 - 2651*a + 101. Calculate q(-45).
-79
Let r(d) = 3*d**2 + 28002*d - 1153123. Determine r(41).
2
Let i(u) = -2*u**3 + 66*u**2 - 6*u - 40. Calculate i(33).
-238
Let n(v) = -28*v**3 - 2*v**2 + 124445*v + 124446. What is n(-1)?
27
Let w(o) = -12*o**3 + 2*o**2 + 11*o - 110. Calculate w(4).
-802
Let g(l) = 4*l**3 - 8*l**2 + 87*l - 153. What is g(2)?
21
Let k(i) = 2*i**2 - 884*i - 332928. Give k(-243).
-18
Let k(c) = 119*c - 10986. Calculate k(89).
-395
Let i(b) = b**3 + 27*b**2 - 74*b + 121. What is i(-30)?
-359
Let f(u) = 3*u**2 + 8*u - 261. Calculate f(-17).
470
Let c(d) = 250*d + 82605. Determine c(-331).
-145
Let w(k) = 2*k**3 - 64*k**2 - 83*k + 4929. Determine w(31).
434
Let o(y) = -27202*y + 217643. Calculate o(8).
27
Let c(w) = -23*w**2 - 5485*w + 3007. What is c(-239)?
139
Let w(j) = 16950*j + 33878. What is w(-2)?
-22
Let g(b) = 28*b + 2133. Determine g(-14).
1741
Let o(u) = u**2 - 2076*u + 507433. Calculate o(283).
14
Let n(m) = 14*m**2 + 102*m - 640. Give n(0).
-640
Let b(c) = -28327*c + 85051. What is b(3)?
70
Let p(s) = 14*s**2 + 2455*s + 45423. What is p(-21)?
42
Let v(q) = 6*q**2 + 240*q + 100. Calculate v(-34).
-1124
Let j(o) = 10845*o + 97679. What is j(-9)?
74
Let n(y) = 6*y**2 + 2506*y + 2505. Determine n(-1).
5
Let g(d) = -68*d - 2095. Calculate g(-56).
1713
Let r(c) = -c**2 + 281*c - 6239. Calculate r(256).
161
Let v(q) = 254*q**2 + 195071*q - 749. Calculate v(-768).
19
Let g(a) = 1071*a - 384499. Calculate g(359).
-10
Let v(s) = -s**3 - 168*s**2 - 829*s - 229483. Give v(-171).
-1
Let f(i) = i**3 + 13*i**2 + 431*i + 2338. Determine f(-6).
4
Let t(m) = 2*m**3 - 28*m**2 + 105*m - 1704. Calculate t(14).
-234
Let p(x) = 2*x**2 - 944*x - 95788. What is p(-86)?
188
Let q(m) = -12*m**3 - 14372*m**2 + 4799*m + 8377. Calculate q(-1198).
-9
Let a(b) = -2336*b + 10564. Give a(5).
-1116
Let k(j) = -4*j**3 + 988*j**2 + 3000*j + 50. Give k(250).
50
Let j(t) = -6047*t + 1263831. Determine j(209).
8
Let s(m) = m**2 + 3267*m - 32805. Give s(10).
-35
Let u(r) = r**2 - 1752*r + 31205. Determine u(18).
-7
Let q(s) = s**3 - 35*s**2 + 61*s - 24. Give q(34).
894
Let t(s) = 6*s**2 + 28*s + 279. Calculate t(-14).
1063
Let f(t) = -2*t**2 + 3277*t - 64702. Calculate f(20).
38
Let a(m) = 6*m**2 - 511*m - 411. What is a(86)?
19
Let q(c) = -7938*c - 6056703. Give q(-763).
-9
Let s(a) = 2*a**2 - 99*a - 4031. Determine s(76).
-3
Let x(s) = 321502*s + 1607605. Give x(-5).
95
Let k(h) = -2*h**3 - 26*h**2 - 51*h - 46. What is k(-10)?
-136
Let k(v) = -v**2 - 15470*v + 480504. What is k(31)?
-27
Let w(d) = -15*d**2 - 500*d - 3046. Give w(-8).
-6
Let f(n) = -15*n**3 + 505*n**2 - 326*n - 118. Determine f(33).
14
Let r(z) = -z**3 + 43*z**2 + 192*z + 233. Determine r(47).
421
Let i(b) = 33*b**3 + 229*b**2 - 162*b - 1033. Calculate i(-7).
3
Let x(f) = -128741*f + 2960994. What is x(23)?
-49
Let g(o) = 293*o - 28160. Determine g(96).
-32
Let o(l) = -7*l**3 + 8*l**2 - 16*l - 15. Determine o(-5).
1140
Let i(m) = -m**2 + 2246*m + 8982. Determine i(-4).
-18
Let x(i) = -1389*i + 16704. Give x(12).
36
Let q(p) = -p**3 - 29*p**2 - 74*p - 1333. What is q(-28)?
-45
Let s(v) = 392*v - 24326. Calculate s(62).
-22
Let k(a) = 104*a**2 - 158*a + 468. Calculate k(3).
930
Let j(i) = -2*i**3 - 28*i**2 - 2*i - 113. Calculate j(-15).
367
Let c(x) = x**3 + 2*x**2 + 67*x + 138. Give c(-2).
4
Let q(c) = -308*c**2 + 4316*c + 31. Calculate q(14).
87
Let h(t) = -92*t**2 - 2410*t - 312. Determine h(-26).
156
Let h(r) = -296*r**2 + 139558*r - 66885. Determine h(471).
-3
Let w(n) = -3728*n - 83. Calculate w(0).
-83
Let d(b) = 8*b**2 - 650*b + 10193. Determine d(22).
-235
Let m(h) = 2702*h - 151341. What is m(56)?
-29
Let j(f) = -f**3 - 48*f**2 - 201*f - 88. Calculate j(-44).
1012
Let x(o) = 188439*o + 1319066. Determine x(-7).
-7
Let s(p) = p**2 + 21233*p - 2176174. What is s(102)?
-4
Let y(j) = j**2 + 514*j - 449474. What is y(461)?
1
Let t(c) = -367*c + 212505. Determine t(579).
12
Let i(k) = -29*k**3 - 632*k**2 - 488*k - 113. What is i(-21)?
-8
Let o(p) = 50*p - 3135. Determine o(60).
-135
Let h(n) = -21*n**3 + 441*n**2 + 45*n - 879. What is h(21)?
66
Let l(x) = 11193*x + 89558. What is l(-8)?
14
Let h(l) = -9361*l - 46797. Determine h(-5).
8
Let z(u) = 7*u**2 - 486030*u - 486031. Calculate z(-1).
6
Let b(d) = d**3 - 27*d**2 + 122*d - 486. Give b(24).
714
Let c(f) = 951*f**2 - 13312*f + 16. What is c(14)?
44
Let j(x) = 371040*x - 3339354. Calculate j(9).
6
Let j(y) = -39031*y + 62. What is j(0)?
62
Let t(x) = 102*x - 22. Give t(12).
1202
Let p(i) = -120*i**3 - 3*i**2 - 18*i - 17. Give p(-2).
967
Let c(s) = 552*s**2 - 3535*s - 91. Calculate c(6).
-1429
Let l(m) = -5*m**2 + 131*m - 995. Determine l(18).
-257
Let a(y) = -3949*y + 489684. Determine a(124).
8
Let i(f) = -363*f**2 - 3980*f - 8613. Determine i(-8).
-5
Let o(w) = 11*w**3 - 81*w**2 + 69*w + 133. Calculate o(6).
7
Let w(l) = -2*l**2 - 95*l - 466. What is w(-45)?
-241
Let p(t) = 485767*t - 9715346. What is p(20)?
-6
Let u(y) = 254*y + 22103. Calculate u(-87).
5
Let m(v) = v**2 + 53*v - 625. Determine m(10).
5
Let w(z) = -z**2 - 211*z - 3579. Give w(-192).
69
Let v(y) = -2491*y**2 - 7548*y - 223. Determine v(-3).
2
Let c(f) = 12*f**3 - 6*f**2 - 30*f - 122. Calculate c(-4).
-866
Let z(o) = 2*o**3 + 266*o**2 + 39*o + 5227. Give z(-133).
40
Let a(n) = -1069*n**2 - 164620*